?
-7
What is the value of -7 + 0 + 6 + -1 + -7?
-9
-3 - (0 - 1 - -1) - 0
-3
What is (0 - -2) + 2 + -6 - -4?
2
What is -5 - (-2 - (5 - (2 + 4)))?
-4
Calculate 0 + -7 + (5 - (3 - 4)).
-1
What is the value of (-1 + -1 - 3 - -1) + 10?
6
-22 - -25 - (12 + -4 + -2)
-3
What is the value of -5 + (-7 - (-9 - -6))?
-9
What is the value of (-4 - -1) + 9 + -3 - 2?
1
Calculate -2 + -4 - (6 - (19 - 6)).
1
Calculate -3 + (-3 - (-10 + 4)).
0
What is -3 - (-2 + -4 - -4)?
-1
Evaluate -4 + -1 + 5 - -3 - 3.
0
What is the value of 0 + 2 - (-1 - (0 + -3))?
0
What is the value of 1 + 1 + -5 + 4?
1
Calculate 9 + 0 - (72 + -60).
-3
What is (0 - -2 - -5) + -7?
0
4 - (-25 + 30 + -7 + 1)
5
Calculate 1 + -3 + 2 + -3.
-3
-3 - (-1 - -1 - 8 - -5)
0
What is the value of -1 + -3 - (2 + -5 + -5)?
4
Evaluate (-4 - (0 - 7)) + 2.
5
What is 43 - 32 - (1 - -2)?
8
What is 0 + -1 + (2 + -1 - 4)?
-4
Calculate (-14 - -12) + (2 - (-1 + 2)).
-1
What is 1 - (-9 + 6 - -1)?
3
Evaluate -1 - (4 + -3 + -3) - 3.
-2
2 - (5 + -6) - 0
3
Evaluate -1 + 5 - (7 - (9 + -7)).
-1
Evaluate 1 - 0 - (6 + -2 - -2).
-5
Evaluate -3 + (5 - 0) + -2 + -6.
-6
Evaluate (11 - 14) + (9 - 1).
5
Calculate -3 - (-3 - ((5 - 3) + 2)).
4
What is the value of 1 - -9 - (-34 - -37)?
7
What is -6 + 6 + 5 + -5?
0
What is -7 + 1 + (16 - 12)?
-2
What is the value of -1 + (-1 + 0 - (-11 - -6))?
3
Evaluate -2 + 0 - (-11 + 12).
-3
Calculate (8 - 1 - (5 + -1)) + -5.
-2
Evaluate 4 + 5 + (2 + -11 - -1).
1
Calculate 1 - (2 + -5 + 8).
-4
Evaluate 7 + (16 - 6) + -12.
5
What is 4 - (7 + -4 + 4)?
-3
(9 - 13) + 6 + 2
4
Calculate 6 + -8 + -4 + -2.
-8
What is the value of 4 + -6 + (0 - (-5 + -1))?
4
What is 3 - (4 - (-6 - -4))?
-3
What is the value of (-1 - (-3 - 3) - 4) + 4?
5
What is -6 + 2 + 0 + 1 - -2?
-1
What is the value of (1 - (-1 + 0)) + 198 + -207?
-7
-5 + 7 + 1 + -1
2
Evaluate 2 - 6 - -7 - 4.
-1
What is the value of 0 - (5 + (5 - (12 + -7)))?
-5
What is 0 + (-7 - -14 - 4)?
3
What is -5 - -2 - -16 - (1 - -5)?
7
Calculate 2 + (-10 - ((-10 - -4) + 3)).
-5
(-1 - 0) + 0 + 2 + -2
-1
Calculate -8 + (8 - (-10 + 6)).
4
(11 - (-5 + 9)) + 2
9
What is 5 - (0 - (-6 + 4))?
3
What is the value of (-2 - (4 + -2 + 0)) + 0?
-4
Evaluate -7 + 4 - (2 - 7).
2
What is the value of 1 + (1 - 1) + 1 + -6?
-4
What is the value of -2 + 10 + -34 + 19?
-7
0 + -5 + (6 - 3) - 4
-6
What is -5 + 3 + -2 + 0?
-4
-6 + (5 - (-3 + -4 + 6))
0
Calculate 6 - 1 - (8 + -20 - -20).
-3
What is (1 - (-5 - -9)) + 5?
2
Evaluate 9 + -6 - 4 - (-3 - 0).
2
Calculate 97 + -103 + 2 + 0.
-4
-10 + 13 - (1 - -6)
-4
Evaluate -7 - (-11 - -13) - -7.
-2
10 - ((28 - 11) + -6)
-1
Calculate -1 + (-8 - (-2 + -3)) - -1.
-3
Evaluate -1 + 3 + -7 + 8.
3
What is 2 - (-1 + (0 + -4 - -5))?
2
What is -3 - -1 - (-9 - -8)?
-1
Calculate (-1 - -3) + 19 + -11 + -5.
5
What is (-3 - (-2 - -6)) + 4 - 4?
-7
What is the value of -6 - (0 - (-1 + 1))?
-6
What is the value of 5 + (-14 - -6) + -2 + -1?
-6
Calculate (-65 - -46) + -2 + 11.
-10
-5 - (3 + -4 - 1)
-3
Calculate -15 + 15 - (-4 - 1).
5
(0 - (-2 + 2)) + (-1 - -6)
5
Evaluate 4 + -20 + 12 + (-1 - -1).
-4
What is -32 + 17 + 2 + 8?
-5
What is the value of -16 + 12 + 2 + 2 + -1?
-1
(15 - -3) + (-12 - -1)
7
What is the value of (5 - (6 - 5)) + -7?
-3
(-3 - -5) + 5 + -2
5
What is the value of 10 - (-7 - (-22 + 7))?
2
-3 + -5 + 5 + -3 + 0
-6
Evaluate 7 + -4 - 4 - (0 + -2).
1
What is 2 - (2 + (-1 - -2) - 6)?
5
What is (-4 - 5) + 19 + -8?
2
What is 5 - (1 + -4 - (33 - 40))?
1
What is (-3 - 1) + (-7 - -12) - 2?
-1
What is -5 + -9 - (2 - 13)?
-3
Evaluate -4 - (-2 + (5 - 3)).
-4
What is the value of 7 - (2 - (0 + -4))?
1
Calculate 0 - (-6 - (-2 - 3)).
1
6 - 0 - -1 - (0 + 4)
3
Calculate -5 - ((2 - -4) + -8 - 2).
-1
Calculate (-3 - -7) + -1 - 7.
-4
What is (-9 - -5) + 2 + 0 + 1?
-1
Calculate (235 - 252) + (7 - -1).
-9
Calculate -2 - -2 - (3 + -3).
0
What is the value of (0 - (5 - 2)) + (-2 - -4)?
-1
What is the value of -1 + -3 + (8 - (1 - -3))?
0
What is the value of -6 + -5 + 6 + 1 + -1?
-5
Calculate -2 - (-3 - -3 - -1 - 5).
2
Calculate (-1 - -3) + (4 - 8).
-2
(3 - 7) + -1 + 4 + 1
0
Evaluate (-5 - -2 - 5 - -6) + -4.
-6
Evaluate 3 + 1 + (-2 + -4 - 1).
-3
What is the value of -6 - (-13 + 5 + 6)?
-4
What is (2 - 0) + 1 + -4?
-1
Evaluate -1 + 0 + 6 - (22 - 20).
3
(0 + 2 - 5) + 7
4
Evaluate 5 - 0 - (-7 + 5 + 0).
7
Calculate (4 - (1 - -1)) + 0.
2
9 + -4 - (-2 - -2)
5
Evaluate -6 + -3 + (5 - 1).
-5
What is -3 + 11 + -8 - 2?
-2
What is the value of (5 - 1) + -5 + -1 + 6?
4
Evaluate -2 - (-7 + 2 - -2).
1
Calculate 27 + -40 + (2 - (-2 - 0)).
-9
Calculate 14 - (-13 - (-34 - -9)).
2
0 - (3 + -1 + -2 + -3)
3
Evaluate -53 - -53 - (1 - 6).
5
What is 2 - 3 - -5 - (0 - 0)?
4
-6 + 6 + 0 + 0 - 6
-6
Evaluate -1 + (1 - 2) + (86 - 85).
-1
Calculate 1 + -2 + 8 + 1 + -2.
6
What is 1 - (-2 + (0 - -2) + 6)?
-5
What is 1 + -3 - (-17 + 12)?
3
Evaluate 6 - (-4 + 3) - 2.
5
Calculate -37 + 41 - (-3 + 3 + -1).
5
Calculate 8 + -3 + 3 - 3.
5
What is the value of 2 + 8 + -8 + -6?
-4
5 + 5 + (4 + -18 - -6)
2
Evaluate (-2 - (0 + 2)) + 4 - -4.
4
What is the value of (4 - 1) + -5 + (13 - 11)?
0
What is (-141 - -141) + (-1 - -2 - 2)?
-1
What is (2 - -10 - 6) + -15?
-9
Calculate (-7 - (-6 - -3)) + 2.
-2
Evaluate -1 - (-2 + -1 + -3) - -2.
7
What is the value of (-3 - (-4 - -3)) + 5 + 0?
3
-2 - ((4 - 3) + 0 + -1)
-2
What is -2 + (7 + -8 - 0)?
-3
What is -5 + 0 - -3 - -2?
0
What is 7 + -7 + -4 + -4 - -11?
3
What is (-7 - 0) + (2 - -4)?
-1
What is the value of -6 - (-8 - 0 - -6)?
-4
Calculate -5 + -1 + 2 - 1.
-5
Calculate 4 - (15 + -7 + -8).
4
Calculate (1 - 0) + (-2 - 3 - -8).
4
What is the value of 0 + 3 - (-13 + 10)?
6
Evaluate 6 + -9 + 0 - (0 + -2).
-1
What is the value of 7 - (-1 + 2 + -11 + 23)?
-6
What is the value of -9 + 8 + 1 + -5?
-5
Evaluate -4 - (5 - 1 - 4).
-4
-1 - -3 - (5 + -9)
6
What is (11 + -9 - (-6 + 3)) + -12?
-7
Calculate 1 - (-2 + -4 + 2).
5
-1 + (-42 - -42) + 2 + 5
6
What is the value of 3 + 5 + 0 - 4?
4
2 + 7 + -2 - (13 + -12)
6
-2 - (2 - (0 + 3))
-1
Calculate 1 + -3 - (-1 - (-7 - -3)).
-5
What is the value of 4 + -3 + -5 + 0 - -1?
-3
What is the value of 5 - (11 - (15 + -11))?
-2
What is the value of 3 - (1 + (-3 - -2))?
3
-1 - (3 - (9 - 5) - 3)
3
What is 0 + 0 - (-5 - -2)?
3
Calculate -5 - -6 - (6 + -7).
2
What is the value of 3 - (-3 + 4 - -3 - 3)?
2
What is 2 + 3 - 3 - -1?
3
Evaluate 0 + (-1 - 1 - 1) + 2.
-1
What is the value of -9 + (-1 - -6) + 0?
-4
(-1 - ((5 - -3) + -4)) + 8
3
What is 2 + 0 + (0 - 3) + 0?
-1
Calculate 0 + 3 + -1 + -2.
0
What is 6 + 1 + -6 - (0 - 3)?
4
Evaluate 15 - (8 + 5 + -3).
5
(1 + 1 - (1 + 5)) + 0
-4
-3 - (-7 - 1) - 9
-4
Calculate -1 + 5 - (4 - (21 - 18)).
3
What is -6 + 0 + (-9 - -5 - -8)?
-2
Calculate 1 - (-2 + -9 - -5).
7
What is the value of 122 + -117 - (0 - (2 - 7))?
0
What is the value of -4 + 1 + -3 + 4?
-2
-4 - (-4 - (0 + 4 + -5))
-1
Calculate (0 - -4) + -6 + -4.
-6
Evaluate -7 + (7 + -1 - (7 + -4)).
-4
What is 62 + -65 + (-2 - -2)?
-3
Calculate (1 - (-2 + 1)) + (33 - 33).
2
Calculate 0 + 0 + (-5 - (2 + -3)).
-4
What is the value of (14 - -2) + -2 - (2 - -6)?
6
What is (0 - -3) + -1 - 2?
0
What is the value of 12 + -11 + -1 + -9?
-9
1 + 14 + -7 + -3 + 0
5
-2 + -5 + (-1 - -5)
-3
Evaluate 3 + (1 - (-2 - -4)).
2
Evaluate -5 - (-4 - (15 - 10)).
4
What is the value of 17 + -15 + 0 + -8 - -3?
-3
Calculate -1 + 3 + (2 - 5) - -6.
5
Evaluate 11 + (-12 - -4) + (-1 - -4).
6
Calculate -3 - -5 - 6 - -6.
2
What is the value of -1 + -1 + 1 + -275 + 269?
-7
Evaluate 2 + -6 + (-11 - -24).
9
What is the value of (-6 - -1) + 0 + 2 + -2?
-5
What is the value of -19 + 14 + (7 - -1)?
3
2 - -1 - (95 - 98)
6
Evaluate -4 - -5 - (5 + 0 + -8).
4
What is -2 - 14 - -12 - (-1 - 2)?
-1
-1 + 3 + -3 + 1 - 0
0
Evaluate 1 + -19 - (184 - 193).
-9
Evaluate (7 - 1) + 24 + -28 - 3.
-1
What is 0 - (-2 + (3 - 3))?
2
What is the value of 16 + 17 + -20 - (1 - -3)?
9
-5 - (-9 + -4 - (9 - 10))
7
Evaluate -40 - -35 - (-2 + -1).
-2
What is the value of -5 + 13 + -6 + -2?
0
Calculate 6 + (3 - 0) + -4.
5
What is the value of 1 - 2 - (0 - (-3 + -1))?
-5
Evaluate (46 - 51) + 2 + 1 - -3.
1
What is the value of -1 - -5 - (-36 + 38)?
2
What is (-47 - -46) + 4 + 1?
4
Calculate 3 - (-7 - -4) - 6.
0
Calculate -1 + 5 - (9 + (-23 - -16)).
2
Calculate (1 - (7 - (13 + -8))) + 8.
7
What is the value of 11 - (6 + 1